{"id":256,"date":"2021-04-22T17:08:30","date_gmt":"2021-04-22T14:08:30","guid":{"rendered":"http:\/\/www.pkmehilaishoitajat.fi\/?page_id=256"},"modified":"2021-04-22T17:11:06","modified_gmt":"2021-04-22T14:11:06","slug":"yhdistyksen-saannot","status":"publish","type":"page","link":"https:\/\/www.pkmehilaishoitajat.fi\/?page_id=256","title":{"rendered":"Yhdistyksen s\u00e4\u00e4nn\u00f6t"},"content":{"rendered":"\n<p>Voimassa olevat s\u00e4\u00e4nn\u00f6t: 22.04.2021 \u00a0<\/p>\n\n\n\n<p><strong>NIMI JA KOTIPAIKKA\u00a0<\/strong><\/p>\n\n\n\n<p>Yhdistyksen nimi on Pohjois-Karjalan mehil\u00e4ishoitajat r.y. ja sen kotipaikka on Joensuun kaupunki.&nbsp;<\/p>\n\n\n\n<p><strong>TARKOITUS JA SEN TOTEUTTAMINEN\u00a0<\/strong><\/p>\n\n\n\n<p>Yhdistyksen tarkoituksena on Suomen Mehil\u00e4ishoitajain Liitto SML ry:n j\u00e4senen\u00e4 ja sen toimintaperiaatteita noudattaen mehil\u00e4ishoitotaidon kehitt\u00e4minen ja mehil\u00e4istalouden edist\u00e4minen toiminta-alueellaan.&nbsp;<\/p>\n\n\n\n<p>Tarkoituksensa toteuttamiseksi yhdistys:&nbsp;<\/p>\n\n\n\n<p>1. j\u00e4rjest\u00e4\u00e4 esitem\u00e4tilaisuuksia, kursseja ja opintoretki\u00e4 sek\u00e4 muuta neuvonta- ja virkistystoimintaa.&nbsp;<\/p>\n\n\n\n<p>2. osallistuu n\u00e4yttelyihin ja messuihin mehil\u00e4ishoitoa ja -tuotteita esittelevill\u00e4 osastoillaan, ja harjoittaa muutakin\u00a0valistustoimintaa,\u00a0<\/p>\n\n\n\n<p>3. tekee aloitteita mehil\u00e4istalouden kehitt\u00e4miseksi, 4. pit\u00e4\u00e4 yhteytt\u00e4 paikallisiin maataloudellisiin j\u00e4rjest\u00f6ihin, 5. edist\u00e4\u00e4 mehil\u00e4ishoidon tutkimusta ja tautitarkkailua, 6. ker\u00e4\u00e4 alaan liittyvi\u00e4 tilastotietoja toiminta-alueeltaan sek\u00e4 7. harjoittaa muuta edell\u00e4 sanottuun verrattavaa toimintaa Toimintansa tukemiseksi yhdistys voi vastaanottaa lahjoituksia ja j\u00e4lkis\u00e4\u00e4d\u00f6ksi\u00e4 sek\u00e4 omistaa kiinteist\u00f6j\u00e4, j\u00e4rjest\u00e4\u00e4 arpajaisia ja varojen ker\u00e4yst\u00e4. Yhdistys ei harjoita elinkeinotoimintaa.&nbsp;<\/p>\n\n\n\n<p><strong>J\u00c4SENET\u00a0<\/strong><\/p>\n\n\n\n<p>Yhdistyksen j\u00e4senet ovat varsinaisia j\u00e4seni\u00e4, kannattajaj\u00e4seni\u00e4 tai kunniaj\u00e4seni\u00e4.&nbsp;<\/p>\n\n\n\n<p>Varsinaiseksi j\u00e4seneksi voidaan ottaa mehil\u00e4ishoitoa harrastava henkil\u00f6 ja oikeuskelpoinen yhteis\u00f6, joka suostuu noudattamaan n\u00e4it\u00e4 s\u00e4\u00e4nt\u00f6j\u00e4. Kannattajaj\u00e4seneksi voidaan hyv\u00e4ksy\u00e4 oikeuskelpoinen yhteis\u00f6, joka tukee yhdistyksen toimintaa. Varsinaisten ja kannattajaj\u00e4senten hyv\u00e4ksymisest\u00e4 p\u00e4\u00e4tt\u00e4\u00e4 johtokunta. Yhdistys voi kutsua kunniaj\u00e4seneksi henkil\u00f6n, joka on toiminut pitk\u00e4aikaisesti ja ansiokkaasti yhdistyksen tai mehil\u00e4ishoitoalan hyv\u00e4ksi. P\u00e4\u00e4t\u00f6ksen kunniaj\u00e4seneksi kutsumisesta tekee yhdistyksen kokous johtokunnan esityksest\u00e4.&nbsp;<\/p>\n\n\n\n<p>Yhdistyksen j\u00e4senet ovat my\u00f6s SML:n j\u00e4seni\u00e4 (kts liiton nettisivut)&nbsp;<\/p>\n\n\n\n<p><strong>J\u00c4SENMAKSU\u00a0<\/strong><\/p>\n\n\n\n<p>Yhdistyksen j\u00e4senilt\u00e4 perit\u00e4\u00e4n vuosittain j\u00e4senmaksu ja kannattajaj\u00e4senilt\u00e4 kannatusmaksu, jonka suuruuden m\u00e4\u00e4r\u00e4\u00e4 yhdistyksen vuosikokous. Kunniaj\u00e4senet eiv\u00e4t suorita j\u00e4senmaksua.&nbsp;<\/p>\n\n\n\n<p><strong>J\u00c4SENYYDEN LAKKAAMINEN\u00a0<\/strong><\/p>\n\n\n\n<p>J\u00e4sen voi erota yhdistyksest\u00e4 yhdistyslaissa s\u00e4\u00e4detyll\u00e4 tavalla, mutta on velvollinen suorittamaan kuluvan kalenterivuoden j\u00e4senmaksun.&nbsp;<\/p>\n\n\n\n<p>Johtokunta voi erottaa j\u00e4senen, joka laiminly\u00f6 j\u00e4senmaksunsa suorittamisen tai toimii vastoin yhdistyksen s\u00e4\u00e4nt\u00f6j\u00e4.&nbsp;<\/p>\n\n\n\n<p><strong>YHDISTYKSEN KOKOUKSET\u00a0<\/strong><\/p>\n\n\n\n<p>Yhdistyksen kokoukseen voidaan osallistua hallituksen tai yhdistyksen kokouksen niin p\u00e4\u00e4tt\u00e4ess\u00e4 my\u00f6s postitse taikka tietoliikenneyhteyden tai muun teknisen apuv\u00e4lineen avulla kokouksen aikana tai ennen kokousta. Yhdistyksen vuosikokous pidet\u00e4\u00e4n vuosittain hallituksen m\u00e4\u00e4r\u00e4\u00e4m\u00e4n\u00e4\u00a0p\u00e4iv\u00e4n\u00e4 maalis-huhtikuussa.\u00a0<\/p>\n\n\n\n<p>Yhdistyksen ylim\u00e4\u00e4r\u00e4inen kokous pidet\u00e4\u00e4n, jos johtokunta niin p\u00e4\u00e4tt\u00e4\u00e4 tai v\u00e4hint\u00e4\u00e4n 1\/10 yhdistyksen j\u00e4sent\u00e4 sit\u00e4 ilmoittamansa asian k\u00e4sittely\u00e4 varten kirjallisesti vaatii johtokunnalta. Kokouksessa on kullakin varsinaisella j\u00e4senell\u00e4 yksi \u00e4\u00e4ni. Kokouksen p\u00e4\u00e4t\u00f6kseksi tulee, ellei yhdistyslaissa tai n\u00e4iss\u00e4 s\u00e4\u00e4nn\u00f6iss\u00e4 m\u00e4\u00e4r\u00e4t\u00e4 toisin, se mielipide, jonka puolesta useimmat \u00e4\u00e4net on annettu. \u00c4\u00e4nten menness\u00e4 tasan vaali ratkaistaan arvalla, mutta muissa asioissa tulee p\u00e4\u00e4t\u00f6kseksi se mielipide, johon puheenjohtaja on yhtynyt.&nbsp;<\/p>\n\n\n\n<p><strong>VUOSIKOKOUS\u00a0<\/strong><\/p>\n\n\n\n<p>Yhdistyksen vuosikokouksessa k\u00e4sitell\u00e4\u00e4n seuraavat asiat: <\/p>\n\n\n\n<p>1. Kokouksen avaus\u00a0<\/p>\n\n\n\n<p>2. Valitaan kokouksen puheenjohtaja, sihteeri, kaksi p\u00f6yt\u00e4kirjantarkastajaa ja tarvittaessa kaksi \u00e4\u00e4ntenlaskijaa 3. Todetaan kokouksen laillisuus ja p\u00e4\u00e4t\u00f6svaltaisuus 4. Hyv\u00e4ksyt\u00e4\u00e4n kokouksen ty\u00f6j\u00e4rjestys&nbsp;<\/p>\n\n\n\n<p>5. Esitet\u00e4\u00e4n tilinp\u00e4\u00e4t\u00f6s, vuosikertomus ja toiminnantarkastajien lausunto&nbsp;<\/p>\n\n\n\n<p>6. P\u00e4\u00e4tet\u00e4\u00e4n tilinp\u00e4\u00e4t\u00f6ksen vahvistamisesta ja vastuuvapauden my\u00f6nt\u00e4misest\u00e4 johtokunnalle ja muille vastuuvelvollisille 7. Vahvistetaan toimintasuunnitelma, tulo- ja menoarvio sek\u00e4 j\u00e4senmaksujen suuruudet&nbsp;<\/p>\n\n\n\n<p>8. Valitaan joka toinen vuosi johtokunnan puheenjohtaja ja suoritetaan johtokunnan erovuoroisten j\u00e4senten vaali <\/p>\n\n\n\n<p>9. Valitaan yksi tai kaksi toiminnantarkastajaa ja\u00a0varatoiminnantarkastajaa\u00a0<\/p>\n\n\n\n<p>10. K\u00e4sitell\u00e4\u00e4n muut kokouskutsussa mainitut asiat.&nbsp;<\/p>\n\n\n\n<p>Mik\u00e4li yhdistyksen j\u00e4sen haluaa saada jonkin asian yhdistyksen vuosikokouksen k\u00e4sitelt\u00e4v\u00e4ksi, on h\u00e4nen ilmoitettava siit\u00e4 kirjallisesti johtokunnalle niin hyviss\u00e4 ajoin, ett\u00e4 asia voidaan sis\u00e4llytt\u00e4\u00e4 kokouskutsuun.&nbsp;<\/p>\n\n\n\n<p><strong>KOKOUSKUTSU\u00a0<\/strong><\/p>\n\n\n\n<p>Johtokunnan on kutsuttava yhdistyksen kokoukset koolle v\u00e4hint\u00e4\u00e4n nelj\u00e4toista (14) vuorokautta ennen kokousta j\u00e4senille postitetuilla kirjeill\u00e4 tai tekstiviestill\u00e4 tai s\u00e4hk\u00f6postitse.&nbsp;<\/p>\n\n\n\n<p><strong>JOHTOKUNTA\u00a0<\/strong><\/p>\n\n\n\n<p>Yhdistyst\u00e4 edustaa ja sen asioita hoitaa hallituksena johtokunta, johon kuuluvat yhdistyksen vuosikokouksen kahdeksi kalenterivuodeksi kerrallaan valitsemat puheenjohtaja sek\u00e4 kahdeksan muuta varsinaista j\u00e4sent\u00e4. Viimeksi mainituille valitaan henkil\u00f6kohtaiset varaj\u00e4senet. Varaj\u00e4senen toimikausi on sama kuin asianomaisen varsinaisen j\u00e4senen. J\u00e4senist\u00e4 on kalenterivuosittain erovuorossa puolet, aluksi arvalla ja sen j\u00e4lkeen vuoron mukaan.&nbsp;<\/p>\n\n\n\n<p>Johtokunta valitsee keskuudestaan varapuheenjohtajan ja sihteerin kalenterivuodeksi kerrallaan.&nbsp;<\/p>\n\n\n\n<p>Johtokunta voi lis\u00e4ksi nimet\u00e4 rahastonhoitajan ja muita tarpeellisia toimihenkil\u00f6it\u00e4.&nbsp;<\/p>\n\n\n\n<p><strong>JOHTOKUNNAN KOKOUKSET<\/strong><\/p>\n\n\n\n<p>Johtokunta kokoontuu puheenjohtajan tai h\u00e4nen estyneen\u00e4 ollessaan varapuheenjohtajan kutsusta, kun he katsovat siihen olevan aihetta tai kun v\u00e4hint\u00e4\u00e4n puolet johtokunnan j\u00e4senist\u00e4 sit\u00e4 vaatii. Johtokunta on p\u00e4\u00e4t\u00f6svaltainen, kun v\u00e4hint\u00e4\u00e4n puolet sen j\u00e4senist\u00e4, puheenjohtaja tai varapuheenjohtaja mukaanluettuna on l\u00e4sn\u00e4. \u00c4\u00e4nestykset ratkaistaan ehdottomalla \u00e4\u00e4ntenenemmist\u00f6ll\u00e4. \u00c4\u00e4nten menness\u00e4 tasan ratkaisee puheenjohtajan \u00e4\u00e4ni, vaaleissa kuitenkin arpa.\u00a0<\/p>\n\n\n\n<p>Johtokunnan kokouksista laaditaan muistio ja tarvittaessa p\u00f6yt\u00e4kirja, joka tarkastetaan.&nbsp;<\/p>\n\n\n\n<p><strong>TILIKAUSI\u00a0<\/strong><\/p>\n\n\n\n<p>Yhdistyksen tilit p\u00e4\u00e4tet\u00e4\u00e4n kalenterivuosittain. Johtokunnan on j\u00e4tett\u00e4v\u00e4 tilinp\u00e4\u00e4t\u00f6s ja siihen liittyv\u00e4t asiakirjat toiminnantarkastajille tammikuun loppuun menness\u00e4. Toiminnantarkastajien on annettava tarkastukseen perustuva kirjallinen lausuntonsa johtokunnalle helmikuun loppuun menness\u00e4.&nbsp;<\/p>\n\n\n\n<p><strong>NIMEN KIRJOITTAMINEN\u00a0<\/strong><\/p>\n\n\n\n<p>Yhdistyksen nimen kirjoittaa johtokunnan puheenjohtaja, varapuheenjohtaja, sihteeri tai rahastonhoitaja, kukin yksin.&nbsp;<\/p>\n\n\n\n<p><strong>S\u00c4\u00c4NT\u00d6JEN MUUTTAMINEN JA YHDISTYKSEN PURKAMINEN\u00a0<\/strong><\/p>\n\n\n\n<p>P\u00e4\u00e4t\u00f6s s\u00e4\u00e4nt\u00f6jen muuttamisesta ja yhdistyksen purkamisesta on teht\u00e4v\u00e4 yhdistyksen kokouksessa v\u00e4hint\u00e4\u00e4n kolmen nelj\u00e4sosan (3\/4) enemmist\u00f6ll\u00e4 annetuista \u00e4\u00e4nist\u00e4. Kokouskutsussa on mainittava s\u00e4\u00e4nt\u00f6jen muuttamisesta tai yhdistyksen purkamisesta. Yhdistyksen purkautuessa k\u00e4ytet\u00e4\u00e4n yhdistyksen varat yhdistyksen tarkoituksen edist\u00e4miseen purkamisesta p\u00e4\u00e4tt\u00e4v\u00e4n kokouksen m\u00e4\u00e4r\u00e4\u00e4m\u00e4ll\u00e4 tavalla. Yhdistyksen tullessa lakkautetuksi k\u00e4ytet\u00e4\u00e4n sen varat samaan tarkoitukseen.<\/p>\n","protected":false},"excerpt":{"rendered":"<p>Voimassa olevat s\u00e4\u00e4nn\u00f6t: 22.04.2021 \u00a0 NIMI JA KOTIPAIKKA\u00a0 Yhdistyksen nimi on Pohjois-Karjalan mehil\u00e4ishoitajat r.y. ja sen kotipaikka on Joensuun kaupunki.&nbsp; TARKOITUS JA SEN TOTEUTTAMINEN\u00a0 Yhdistyksen tarkoituksena on Suomen Mehil\u00e4ishoitajain Liitto SML ry:n j\u00e4senen\u00e4 ja sen toimintaperiaatteita noudattaen mehil\u00e4ishoitotaidon kehitt\u00e4minen ja mehil\u00e4istalouden edist\u00e4minen toiminta-alueellaan.&nbsp; Tarkoituksensa toteuttamiseksi yhdistys:&nbsp; 1. j\u00e4rjest\u00e4\u00e4 esitem\u00e4tilaisuuksia, kursseja ja opintoretki\u00e4 sek\u00e4 muuta neuvonta- [&hellip;]<\/p>\n","protected":false},"author":1,"featured_media":0,"parent":0,"menu_order":0,"comment_status":"closed","ping_status":"closed","template":"","meta":[],"_links":{"self":[{"href":"https:\/\/www.pkmehilaishoitajat.fi\/index.php?rest_route=\/wp\/v2\/pages\/256"}],"collection":[{"href":"https:\/\/www.pkmehilaishoitajat.fi\/index.php?rest_route=\/wp\/v2\/pages"}],"about":[{"href":"https:\/\/www.pkmehilaishoitajat.fi\/index.php?rest_route=\/wp\/v2\/types\/page"}],"author":[{"embeddable":true,"href":"https:\/\/www.pkmehilaishoitajat.fi\/index.php?rest_route=\/wp\/v2\/users\/1"}],"replies":[{"embeddable":true,"href":"https:\/\/www.pkmehilaishoitajat.fi\/index.php?rest_route=%2Fwp%2Fv2%2Fcomments&post=256"}],"version-history":[{"count":2,"href":"https:\/\/www.pkmehilaishoitajat.fi\/index.php?rest_route=\/wp\/v2\/pages\/256\/revisions"}],"predecessor-version":[{"id":260,"href":"https:\/\/www.pkmehilaishoitajat.fi\/index.php?rest_route=\/wp\/v2\/pages\/256\/revisions\/260"}],"wp:attachment":[{"href":"https:\/\/www.pkmehilaishoitajat.fi\/index.php?rest_route=%2Fwp%2Fv2%2Fmedia&parent=256"}],"curies":[{"name":"wp","href":"https:\/\/api.w.org\/{rel}","templated":true}]}}